 units digit of n?
2
Suppose -4*d - 4*d + 40 = 0. Suppose -1 + 11 = d*n. Suppose 0 = -5*w + 5*v + 525, -2 + 104 = w - n*v. What is the hundreds digit of w?
1
Suppose 13*q + 2*q = 37590. Let a = -1681 + q. What is the tens digit of a?
2
Suppose -7*z + 44 = 15*z. Let r(a) = 3*a**z - 5 + 13*a + 7 + 16. What is the units digit of r(-8)?
6
Let a(h) = -18*h + 3. Let i be a(-14). Suppose -14*v = -i - 3119. Suppose 0 = 5*z - v - 349. What is the tens digit of z?
1
Suppose 392*b - 309474 = 338*b. What is the thousands digit of b?
5
Suppose -440*r = -509*r + 2939400. What is the hundreds digit of r?
6
Let z(t) = -t**3 + 11*t**2 - 18*t - 5. Let k be z(8). Suppose -k + 27 = -2*g. Let h = g - 4. What is the units digit of h?
4
Let c(a) = -2825*a - 3990. What is the ten thousands digit of c(-23)?
6
Suppose 0 = -24*s + 9*s + 27*s - 202776. What is the hundreds digit of s?
8
Let j(n) = n + 271. What is the tens digit of j(42)?
1
Let y(k) = 17*k**3 - 3*k**2 + k + 4. Let o(f) = -36*f**3 + 5*f**2 - f - 8. Let d(v) = 2*o(v) + 5*y(v). What is the hundreds digit of d(4)?
7
Suppose 4 = 2*t + 10. Let n be -3 + 8 - (-3 + 6 + t). Suppose 681 = n*x + 226. What is the tens digit of x?
9
Suppose -3*h - 762 = -9*h. Let i = h + 57. What is the units digit of i?
4
Suppose -11*a + 20*a - 27 = 0. Suppose -12*d + a*d + 1125 = 0. What is the tens digit of d?
2
Let b(l) = -8*l + 18. Let u(w) = 4*w - 9. Let o(p) = 6*b(p) + 13*u(p). Let r be o(3). Suppose -a + 19 = r. What is the units digit of a?
6
Let b(l) = 6*l + l**3 - 47 + 48 + 27 - 10*l**2. What is the tens digit of b(12)?
8
Let s(j) = -2*j**3 - 9*j**2 - 3. Let h(n) = n**3 + 4*n**2 + 1. Let y(l) = -7*h(l) - 3*s(l). Let t be y(0). What is the units digit of 20 - (-3 - (1 + -7) - t)?
9
Suppose -309259 - 257359 = -38*p. What is the units digit of p?
1
Suppose 5*x - 24 = -a, 3*a - a = -5*x + 43. Let p = 113 - a. What is the tens digit of (9/6 + -1)*p?
4
Suppose 35*r = 40*r - 5. What is the tens digit of (291 + -307)/((2/(-172))/r)?
7
Let w = 19 - 15. Suppose 7*h - 12*h + w*x = -516, h - 3*x - 112 = 0. Suppose 3*d - h = 515. What is the hundreds digit of d?
2
Suppose 0 = -401*s + 403*s - 25878. What is the units digit of s?
9
Suppose -12*f - 31 = -79. Suppose -2*u - f*d = -5*u + 2168, -2*u = 3*d - 1434. What is the units digit of u?
0
Let m(n) = -47*n - 23. Let j be m(2). Let p = j - -756. What is the tens digit of p?
3
Suppose l = -0*l + 5*b - 68, -3*l + 3*b - 144 = 0. Let v = 36 + l. What is the units digit of -2 + v/(-3) - (-234)/27?
9
Let p(g) = 9*g - 10. Let x be p(1). What is the units digit of (3 - -454)*(-1)/x?
7
Suppose 0 = v - 2*c - 8, -5*c - 20 = -3*v + v. Suppose 5*m - 29 - 1 = v. Suppose -m*t = 5*i - 2*t - 86, 0 = -i + 4*t + 22. What is the tens digit of i?
1
Let a = 84986 - 49333. What is the tens digit of a?
5
Suppose -15*f - 3445 + 24160 = 0. What is the tens digit of f?
8
Suppose 0*o + 354 = 3*o. Suppose -4*g + g - 258 = 2*a, -364 = 4*g - 4*a. Let m = g + o. What is the tens digit of m?
3
What is the tens digit of (-19)/(-8) - 2 - (2299088/(-128) - 13)?
7
Suppose 8849 - 2184 + 8209 = 2*d. What is the hundreds digit of d?
4
Let z(k) = 18*k**3 + 7*k**2 - 57*k - 466. What is the thousands digit of z(9)?
2
Let c(d) be the third derivative of d**4/4 - d**3/3 - 19*d**2. Let b be c(1). What is the units digit of (3/5)/(b/120)?
8
Let b(l) = 168*l - 11. Let h be b(2). Let m = h - 69. What is the units digit of m?
6
Let i(k) = k**3 - 4*k**2 - 6*k - 4. Let x be i(5). Let m be 7 + x - -3*(-2)/(-3). What is the units digit of (6 - 7)*(m - (20 + 3))?
3
Let l(u) = 1491*u + 3183. What is the tens digit of l(45)?
7
Suppose -5*x + 3*v = -1065, -2*x + 161 + 265 = -v. Let f be (-2)/(3/(x/(-2))). Let c = f - 24. What is the units digit of c?
7
Let h(l) = 5*l**2 - 3*l + 4. Let b = -24 + -13. Let g = b + 40. What is the tens digit of h(g)?
4
Let b = -7420 + 38514. What is the ten thousands digit of b?
3
Suppose 7655729 + 103622 + 1798025 = 128*i. What is the tens digit of i?
6
Let y be (68/6)/(28/(-42)). Let v(r) = -r**3 - 13*r**2 - 14*r + 77. What is the tens digit of v(y)?
7
Suppose -9*a - 7 = -10*a. Let b(f) = a - 4*f + 2*f + f**3 - 5 + 13. What is the units digit of b(0)?
5
Let b(f) = 45*f + 92. Suppose -3*m + 42 = 3*t, t - 14 - 8 = m. What is the hundreds digit of b(t)?
9
Let z(y) = -3*y - 18. Let n(k) = k + 11. Let v be n(-11). Let x be z(v). What is the units digit of (-920)/(-90) - (-4)/x?
0
Let s(a) = a**2 + 14*a - 70. Let c be s(5). What is the tens digit of (129 + -4)*130/c?
5
Suppose -2*s + 2 = r - 3, 3*r - 7 = -2*s. Suppose 86 = -s*m + 4*m. Let b = m - 31. What is the units digit of b?
2
Let p(m) = -3*m**2 + 20*m - 9. Let s be p(6). Suppose -s*l + 390 = -213. Suppose -2*t + 93 = -l. What is the hundreds digit of t?
1
Let h(z) = -29*z - 65. Let g be h(-3). Suppose -693 = -25*y + g*y. What is the hundreds digit of y?
2
What is the thousands digit of (-1920024)/(-56) + (16/(-14) - (-20)/20)?
4
Suppose 0 = 6*b - 1136 - 1252. Suppose 5*y = 0, 5*v = 5*y + b + 432. What is the hundreds digit of v?
1
Let c(z) = z**3 + 10*z**2 - 2*z + 7. Let s be ((-8)/(-12))/((-1)/15). Let i be c(s). Suppose y = i - 8. What is the tens digit of y?
1
Let s(a) be the third derivative of 11*a**5/60 - a**4/24 - 41*a**3/6 - a**2 + 7*a. What is the tens digit of s(-10)?
6
Let j(z) = -10*z + 215. Let y(w) = 40*w - 860. Let v(g) = 15*j(g) + 4*y(g). Let b be v(0). What is the tens digit of (-3 + 1)/(10/b)?
4
Let k(s) = 145*s**2 - 280*s + 1417. What is the hundreds digit of k(5)?
6
What is the units digit of 225/12*7/((-84)/(-41696))?
0
Suppose -2*o - 19 - 13 = 0. Suppose 5*z - 4*y + 173 = -0*y, 0 = 5*z - 5*y + 175. Let w = o - z. What is the units digit of w?
7
Suppose -4*i = -3*u + 16 + 40, 3*u - 11 = -5*i. Suppose 69*r + u = 71*r. Suppose s - 5*k = -2*s + 118, -s = 5*k - r. What is the units digit of s?
1
Let p(v) = v**3 + 39*v**2 - 3*v + 10. What is the units digit of p(-34)?
2
Suppose -k + 6557 = 77*o - 79*o, 5*k = -5*o + 32845. What is the hundreds digit of k?
5
Suppose -7*k + 2*k + b + 14 = 0, -3*k + 26 = -5*b. Suppose -u = -3*y + 10, 0*y = k*y - u - 5. Suppose 0 = y*g - 98 - 27. What is the units digit of g?
5
Let h(o) = -413*o + 107. Let s be h(-11). Suppose s = 3*d + 3*y, -4*d = 3*y - 6272 + 74. What is the units digit of d?
8
Let g be 7/(14/(-8)) + (-6)/(-2). Let p be -3*-1*(-1 - g - 1). What is the units digit of (14/p)/(-7)*(-42)/(-4)?
7
Suppose -3*o - 21 = 0, 4*i + 5*o - 38182 + 10369 = 0. What is the units digit of i?
2
Let i(z) = 5863*z**2 - 99*z - 25. What is the hundreds digit of i(-3)?
0
Suppose 0 = -4*x + 5*u + 208993 - 43100, -4*x = 5*u - 165963. What is the units digit of x?
2
Let w(j) = -13 + 289*j - 577*j + 14*j**2 + 278*j. What is the tens digit of w(9)?
3
Let s(o) = o**3 + 28 + 35 - 61 + 9*o**2 + 0*o**3 - o. Let d be 6/9 - 46/6. What is the units digit of s(d)?
7
Let f = 59413 + -27293. What is the hundreds digit of f?
1
Let o(q) = -38*q**2 - 17*q - 45. Let v be o(-4). Let c = -424 - v. What is the units digit of c?
1
Let h = 777 + 13192. What is the units digit of h?
9
Let s(a) = -a**2 + 2*a + 26. Let l be s(6). Suppose -20*n - l*n + 8074 = 0. What is the units digit of n?
7
Let h = 25086 + -15645. What is the units digit of h?
1
Let w(l) = 6*l**2 + 508. Let t(x) = -13*x**2 - 2*x - 1015. Let f(g) = 3*t(g) + 7*w(g). What is the units digit of f(0)?
1
Let f(l) = l + 22. Let h be f(-17). Suppose 36 = 2*y + 4*o - 968, -h*o = y - 487. Let n = y + -302. What is the tens digit of n?
1
Let c(v) = -35*v + 77. Let r(a) = 105*a - 235. Let j(p) = -11*c(p) - 4*r(p). What is the tens digit of j(-9)?
0
Suppose 3*k = 2*k - 2. Let o be (k - 1)/(1/((-5)/3)). Suppose o*a + 20 = 0, 0*h + 3*a + 126 = 2*h. What is the units digit of h?
7
Let k = -2026 - -2865. Suppose 4*h + 2*b - b - k = 0, -2*h + 3*b + 409 = 0. What is the hundreds digit of h?
2
Let o be -1*0/(3/(-3)). Suppose o*j + 4*j = t - 4, 0 = -4*t + 5*j + 5. Suppose 0 = 7*a - 3*a - 4*u - 184, a + u - 52 = t. What is the units digit of a?
9
Suppose -4*d = -8, 3*d = 2*p + d - 14. Let w(k) = 27*k - 49. What is the units digit of w(p)?
4
Let a(f) = f**2 + 264 + 2*f**2 - 262 + 10*f. Let r be a(-7). Suppose 0 = c - 0*c - r. What is the tens digit of c?
7
Suppose -q + 462*a = 458*a - 5121, 3*q + 2